32488545?
1
What is the thousands digit of 2911796127?
6
What is the hundred thousands digit of 1233167815?
1
What is the ten thousands digit of 3844798?
4
What is the hundred thousands digit of 25505793?
5
What is the thousands digit of 632189319?
9
What is the units digit of 113213446?
6
What is the units digit of 675412757?
7
What is the thousands digit of 3429717015?
7
What is the hundreds digit of 2861411066?
0
What is the hundred thousands digit of 276153690?
1
What is the ten millions digit of 1810569555?
1
What is the hundred thousands digit of 95094903?
0
What is the units digit of 254987533?
3
What is the millions digit of 359420122?
9
What is the ten thousands digit of 168930426?
3
What is the hundred thousands digit of 41355995?
3
What is the thousands digit of 324974650?
4
What is the millions digit of 42812201?
2
What is the ten thousands digit of 131179975?
7
What is the tens digit of 68856651?
5
What is the hundred thousands digit of 807602677?
6
What is the millions digit of 50898519?
0
What is the tens digit of 318825266?
6
What is the ten millions digit of 12377106?
1
What is the tens digit of 170687498?
9
What is the units digit of 4515749059?
9
What is the hundred millions digit of 392840896?
3
What is the ten millions digit of 68577950?
6
What is the hundred thousands digit of 1078306829?
3
What is the hundreds digit of 2174122704?
7
What is the thousands digit of 298825460?
5
What is the units digit of 1090102225?
5
What is the units digit of 1734978750?
0
What is the ten millions digit of 3247909311?
4
What is the millions digit of 118600194?
8
What is the hundreds digit of 2284824338?
3
What is the ten thousands digit of 1343640?
4
What is the units digit of 151904982?
2
What is the ten thousands digit of 263035434?
3
What is the ten thousands digit of 406456821?
5
What is the millions digit of 56973150?
6
What is the ten millions digit of 183562536?
8
What is the thousands digit of 56030307?
0
What is the ten thousands digit of 275999846?
9
What is the hundred millions digit of 2411873538?
4
What is the units digit of 145985676?
6
What is the tens digit of 789407507?
0
What is the ten millions digit of 253147189?
5
What is the thousands digit of 19237051?
7
What is the millions digit of 68893947?
8
What is the thousands digit of 347531621?
1
What is the millions digit of 186160878?
6
What is the millions digit of 453597455?
3
What is the hundred millions digit of 283040174?
2
What is the units digit of 846591150?
0
What is the hundreds digit of 225563515?
5
What is the units digit of 444037312?
2
What is the tens digit of 370762837?
3
What is the ten millions digit of 206531000?
0
What is the hundred thousands digit of 17835227?
8
What is the units digit of 1315659895?
5
What is the units digit of 1474591893?
3
What is the ten thousands digit of 54384990?
8
What is the millions digit of 6635784438?
5
What is the hundred thousands digit of 1001263551?
2
What is the units digit of 46502935?
5
What is the thousands digit of 259555421?
5
What is the hundred thousands digit of 40531770?
5
What is the thousands digit of 1950245443?
5
What is the hundred thousands digit of 668549698?
5
What is the ten thousands digit of 1192139071?
3
What is the hundred millions digit of 332858320?
3
What is the ten thousands digit of 92949600?
4
What is the millions digit of 134879241?
4
What is the units digit of 778864172?
2
What is the hundreds digit of 62171826?
8
What is the hundreds digit of 486266569?
5
What is the thousands digit of 90660771?
0
What is the units digit of 21190103?
3
What is the tens digit of 184004545?
4
What is the hundreds digit of 2123260?
2
What is the thousands digit of 156010435?
0
What is the ten thousands digit of 83247789?
4
What is the tens digit of 747009098?
9
What is the ten millions digit of 4713103939?
1
What is the hundreds digit of 68967141?
1
What is the ten thousands digit of 18302130?
0
What is the hundred thousands digit of 190602370?
6
What is the ten millions digit of 1330897857?
3
What is the tens digit of 430887583?
8
What is the hundreds digit of 86794416?
4
What is the ten thousands digit of 2946634506?
3
What is the tens digit of 53367573?
7
What is the units digit of 106960688?
8
What is the ten thousands digit of 296171230?
7
What is the hundred thousands digit of 44714651?
7
What is the billions digit of 4804408691?
4
What is the units digit of 211025029?
9
What is the millions digit of 5504756?
5
What is the hundred thousands digit of 255012109?
0
What is the millions digit of 61585012?
1
What is the millions digit of 21731894?
1
What is the millions digit of 3802848767?
2
What is the ten millions digit of 156946113?
5
What is the units digit of 1621854811?
1
What is the millions digit of 74410222?
4
What is the units digit of 25118287?
7
What is the thousands digit of 294667131?
7
What is the billions digit of 1470915357?
1
What is the ten thousands digit of 722808048?
0
What is the tens digit of 53252902?
0
What is the hundred thousands digit of 1969317277?
3
What is the hundreds digit of 112660945?
9
What is the millions digit of 350764135?
0
What is the millions digit of 313548874?
3
What is the ten millions digit of 141564463?
4
What is the billions digit of 3818333000?
3
What is the tens digit of 8799157?
5
What is the millions digit of 356538627?
6
What is the millions digit of 126310098?
6
What is the hundred thousands digit of 51938768?
9
What is the units digit of 1799652338?
8
What is the millions digit of 73103429?
3
What is the units digit of 810889805?
5
What is the hundred millions digit of 378720419?
3
What is the ten millions digit of 384860730?
8
What is the units digit of 914738114?
4
What is the hundred millions digit of 1047579710?
0
What is the hundred thousands digit of 54344059?
3
What is the tens digit of 136486930?
3
What is the hundreds digit of 1706622187?
1
What is the hundred thousands digit of 89585342?
5
What is the ten thousands digit of 150183713?
8
What is the tens digit of 377684561?
6
What is the units digit of 4244155060?
0
What is the thousands digit of 30454906?
4
What is the thousands digit of 80859809?
9
What is the millions digit of 155838286?
5
What is the thousands digit of 1290106147?
6
What is the tens digit of 350910947?
4
What is the hundred thousands digit of 30170706?
1
What is the millions digit of 982860336?
2
What is the hundred thousands digit of 3817008257?
0
What is the ten thousands digit of 444209516?
0
What is the tens digit of 359077597?
9
What is the millions digit of 234673045?
4
What is the hundreds digit of 264207943?
9
What is the ten thousands digit of 53873957?
7
What is the units digit of 174212158?
8
What is the units digit of 13283653?
3
What is the hundreds digit of 248978049?
0
What is the hundred millions digit of 121049066?
1
What is the thousands digit of 8876550?
6
What is the tens digit of 241288448?
4
What is the units digit of 2002896261?
1
What is the thousands digit of 38273705?
3
What is the thousands digit of 4861671879?
1
What is the hundreds digit of 154584195?
1
What is the hundreds digit of 11521212?
2
What is the ten millions digit of 96894901?
9
What is the hundred thousands digit of 20783328?
7
What is the thousands digit of 2861318416?
8
What is the units digit of 45023030?
0
What is the hundreds digit of 308625872?
8
What is the hundred thousands digit of 60665543?
6
What is the thousands digit of 61901082?
1
What is the millions digit of 163933571?
3
What is the millions digit of 38888776?
8
What is the tens digit of 31453554?
5
What is the units digit of 2442915204?
4
What is the ten thousands digit of 127462244?
6
What is the hundreds digit of 165200474?
4
What is the hundred millions digit of 908462167?
9
What is the tens digit of 24182372?
7
What is the units digit of 1280694876?
6
What is the units digit of 77711374?
4
What is the ten millions digit of 111189864?
1
What is the tens digit of 209283088?
8
What is the tens digit of 693001128?
2
What is the ten millions digit of 138078612?
3
What is the hundred thousands digit of 437299845?
2
What is the tens digit of 3684639802?
0
What is the tens digit of 9102652?
5
What is the hundred millions digit of 504613878?
5
What is the millio